0 = 3*w - m - 43, -4*m = -2*w + m + 7. What is the remainder when 44 is divided by w?
12
Let l be ((-2)/(-6) - 1)*3. Suppose 8*z = 3*z + 90. Calculate the remainder when l*(74/(-4) - -1) is divided by z.
17
Suppose -3 = -5*y + 4*y. Suppose -56 = -4*b - 3*g, -2*b + 26 = y*g - 2*g. Let p(o) = -o + 2. Calculate the remainder when b is divided by p(-4).
5
Suppose 2*b = 34 - 10. Let l = b - -8. What is the remainder when 77 is divided by l?
17
Let i be (2 - 4) + 0 + 194. Suppose -4*f + i = 64. Suppose -5*j - g - 4*g + 40 = 0, -5*j + 58 = -g. What is the remainder when f is divided by j?
10
Let m(w) = 9*w - 1. Let u be m(1). Let j be 6/8 + 74/u. Suppose -j + 0 = -5*r. Calculate the remainder when 5 is divided by r.
1
Let g be ((-4)/(-6))/((-10)/(-405)). Suppose 2*v - 25 = 5*t, 3*v = -2*t + 6*t + g. Calculate the remainder when 19 is divided by v.
4
Suppose -4*z = -8, -2*o - 3*z = 7 - 29. What is the remainder when 22 is divided by o?
6
Let g(n) = 2*n**2 + 6*n - 51. Let l(p) = p**2 + p - 4. What is the remainder when l(3) is divided by g(-7)?
3
Let x = -62 - -91. Calculate the remainder when x is divided by (-10)/((-1)/((-3)/(-3))).
9
Suppose -3*j + 17*j = 448. Calculate the remainder when j is divided by 11.
10
Calculate the remainder when ((-1)/(-2))/(2/24) is divided by (-10 - -8)*2/(-2).
0
Let q = 35 + 0. What is the remainder when q is divided by 18?
17
Let d = 22 + -12. What is the remainder when 47 is divided by d?
7
Suppose -d - 2 = -2*r, -4*r = -4*d + 3*d - 12. What is the remainder when 21 is divided by d?
5
Let s be 102/(-10) + (-1)/(-5). Let q = s - -5. Let l = q + 9. What is the remainder when 11 is divided by l?
3
Let r = 103 - 94. Suppose o - 2*o - 2*q = -11, -2*o + 2*q = 8. Calculate the remainder when r is divided by -1*(o + 0)*-5.
4
Let k = 188 - 178. Let r = 5 + -2. Let t = 6 - r. Calculate the remainder when k is divided by t.
1
Let p = 20 + -9. What is the remainder when 288/15 + 8/10 is divided by p?
9
Let z = 29 - 26. What is the remainder when 8 is divided by z?
2
Let d(a) = a**2 + 5*a + 3. Suppose 4*h - 8*h = 20. What is the remainder when 7 is divided by d(h)?
1
Suppose 0*b - 2*j - 70 = -5*b, 3*b = -5*j + 73. Calculate the remainder when 62 is divided by b.
14
What is the remainder when ((-6)/2 - -2) + 31 is divided by 8?
6
Let x = 40 + 2. What is the remainder when x is divided by 9?
6
Let i(j) = j - 6. Let l be i(9). Suppose 0*v - 5*v - l*s = -120, 120 = 5*v + 2*s. What is the remainder when 71 is divided by v?
23
Suppose -5*h + 6*h - 29 = 0. Suppose -3*z - 3*t = 2*z - 78, -z - 2*t = -17. What is the remainder when h is divided by z?
14
Let t(i) = 2*i**2 + 2*i - 2. Let r be t(-2). Suppose -r*j + 53 = -j. Calculate the remainder when j is divided by 28.
25
Let s(t) = -2*t - 7. Let k be s(-6). Suppose -k*g = -15 - 0. Suppose -2*u + g*q = -34, -51 = -3*u - 0*u + q. What is the remainder when 32 is divided by u?
15
Let g = 70 - 27. Calculate the remainder when g is divided by 11.
10
Let h(d) be the third derivative of 0 + 0*d - 11/6*d**3 - 3*d**2 - 1/2*d**4 - 1/60*d**5. Calculate the remainder when h(-9) is divided by 6.
4
Suppose -4*n + 1 = -15. Suppose 0 = n*r - 9*r - 35. Let t = r + 8. Calculate the remainder when 1 is divided by t.
0
Let h = 39 + -18. Calculate the remainder when 40 is divided by h.
19
Suppose 0 = -3*y - 0*t - 3*t - 3, -3*y + 5*t = -21. Calculate the remainder when 4/(-3*(-6)/9) is divided by y.
0
Suppose -141 = 2*r - 147. Let k(v) = -v + 1. Let l be k(-2). Let h = 11 - l. What is the remainder when h is divided by r?
2
What is the remainder when (114/9)/((-2)/(-3)) is divided by 9?
1
Let w(s) = 9*s + 2. Let z be w(4). Suppose 0 = 2*p - 4*q - z, -5*p - 2*q = 2*q - 109. Calculate the remainder when p is divided by (-4)/14 - 316/(-28).
10
Calculate the remainder when (-15060)/(-80) - (-1)/(-4) is divided by 38.
36
Suppose 3*b - 8 = b. Let f(k) = 2*k**2 - 11*k + 4. Let y be f(7). Suppose 0*t - 5*g = -5*t + y, -g + 13 = 2*t. Calculate the remainder when t is divided by b.
2
Let t be 1/((-2)/(-3 - 3)). Suppose -t*d + 2*v + 28 = 0, 13 = -3*v - 2. Suppose -29 = -k - 8. What is the remainder when k is divided by d?
3
Let j(v) = -v**3 + 4*v**2 + v - 1. Let w be j(4). Suppose -12 = -w*s + s. What is the remainder when 100/s*6/4 is divided by 13?
12
Let j(x) = -6*x - 12. Let f = 38 - 3. What is the remainder when f is divided by j(-4)?
11
Calculate the remainder when 3*(73/2)/((-5)/(-10)) is divided by 44.
43
Let k be (0 + -1)/(7 - 6). Let s(x) = -20*x**3 + 2*x**2 - 1. What is the remainder when 60 is divided by s(k)?
18
Let t = -9 + 35. What is the remainder when 49 is divided by t?
23
Suppose 4 = 3*u - 4*u, u = -4*z + 68. What is the remainder when z is divided by 5?
3
Let u = -18 - -26. Suppose -3*g - 9 = 0, -3*o = -5*g - 34 + 4. What is the remainder when u is divided by o?
3
Calculate the remainder when 13 is divided by ((-8)/5)/(-1)*15/6.
1
Suppose -2 = -5*s + 3, 0 = 4*k - 4*s - 120. Calculate the remainder when 58 is divided by k.
27
Let b(f) = -f - 12. What is the remainder when 25 is divided by b(-19)?
4
Let i(x) = 10*x**3 - 4*x**2 + 3*x. Let d(n) = n - 5. Let o be d(7). What is the remainder when i(o) is divided by 18?
16
Suppose 2*u - 7 - 21 = 0. Suppose -3*m + u = -1. Calculate the remainder when m is divided by 2.
1
Let n(v) = v**2 + v + 1. Suppose r + 2*f = -13, 2*r - 7 = -3*f - 28. Calculate the remainder when n(r) is divided by 2.
1
Suppose -31 = -h - 2. Calculate the remainder when 86 is divided by h.
28
Let y(s) = 3*s**2 - 2*s - 1. Let l be y(-1). Suppose -3*d + l*d - 3 = 0. What is the remainder when 8 is divided by d?
2
What is the remainder when 51 is divided by (-5)/(-10) - (-35)/2?
15
Let j(c) = 4*c - 48. Calculate the remainder when j(14) is divided by (-2)/(-6) - (-8)/3.
2
Let a(d) = 2*d**3 - 4*d + 4. What is the remainder when 81 is divided by a(2)?
9
Let o(p) = p + 2. Let q be o(0). Suppose s - 6*s + 5 = 0, q*w + 4 = 4*s. Suppose 5*n - 10 - 5 = w. Calculate the remainder when 4 is divided by n.
1
Let d = -17 + 34. Suppose -12 = -p - 3*r - 4, 5*r = -2*p + d. What is the remainder when 21 is divided by p?
10
Let i(k) = -k**3 + k**2 + 4*k + 4. Let c(x) = -x - 1. Let u(g) = 4*c(g) + i(g). What is the remainder when 35 is divided by u(-2)?
11
What is the remainder when 2 - 3*(-2)/6 is divided by 2?
1
Suppose -21 = -2*i - l, -5*l = -2*i + 23 + 28. What is the remainder when 129 is divided by i?
12
Suppose 4*t - 5*v = 613, 3*v - 5*v - 10 = 0. Suppose -q = -2*q + t. Suppose -r + 4*r - q = 0. What is the remainder when r is divided by 17?
15
Let x(u) = -39*u - 144. Calculate the remainder when x(-6) is divided by (-2)/(-4)*(-92)/(-2).
21
Suppose 3*u = -5*q - 26, 3*q - 2*q - 3*u = -16. Let o be q/(-3) + (-1)/3. Suppose -2*f - o*f + 36 = 0. What is the remainder when 25 is divided by f?
7
Suppose -3*x + 18*x - 720 = 0. Calculate the remainder when 237 is divided by x.
45
Let f = 30 - 21. Suppose b + 18 = -4*q, -2*b + q + f = -0*b. Suppose b*t + 4*x - 6 = 0, 33 = -t + 3*t - 5*x. Calculate the remainder when 17 is divided by t.
8
Let z = 7 - -8. Let p(k) = 5*k**2 - k - 4. Suppose -7 = -5*w - 22. What is the remainder when p(w) is divided by z?
14
Suppose 4*n = -4*a + 105 - 25, -a + 5*n + 26 = 0. Suppose 5*c - 25 = 0, 0 = 3*l - c - 0*c - 28. What is the remainder when a is divided by l?
10
Let p(h) = 60*h - 3. What is the remainder when p(2) is divided by 20?
17
Let y = 35 + -24. Let r = -5 - -9. What is the remainder when y is divided by r?
3
Suppose -2 - 2 = 2*q. Let v be (5 + q)/((-3)/(-2)). Suppose -v*a = 3*a - 100. What is the remainder when a is divided by 7?
6
Let f(a) = a**2 - 3*a + 5. Suppose -3*q + 2*q + 16 = 0. Let u = q - 8. What is the remainder when f(6) is divided by u?
7
Suppose 5*m - 9*a - 255 = -4*a, 4*a + 152 = 3*m. Suppose 0 = 5*i - 82 - 8. What is the remainder when m is divided by i?
16
Let p = 42 + 18. What is the remainder when p is divided by 23?
14
Let l(n) = -n**2 + 9*n + 1. Let u be l(4). Let y = 36 - u. Suppose x + 2*x - y = 0. What is the remainder when x is divided by 3?
2
Suppose 0 = -11*j + 15*j - 16. What is the remainder when 1/(-2)*(0 - 14) is divided by j?
3
Let o(h) be the third derivative of h**5/60 + h**4/4 + h**3/2 - 3*h**2. Let x be o(-5). Calculate the rema